*f**2 - 2*f - 1. What is the units digit of m(-1)?
5
Suppose -4*a + 0*a + 2*u = -4, -u + 1 = -5*a. What is the units digit of (69/6)/(a/(-2))?
3
Suppose -2*o = -5*u - 117, 3*u = -5*o - u + 243. What is the units digit of o?
1
Suppose 0 = -4*w + 4*r + 388, 8 - 307 = -3*w + r. What is the hundreds digit of w?
1
Let x = 18 + -16. What is the tens digit of (-2 + 6/x)*11?
1
Suppose w + v = 6, -5*v = -2*w - 3 + 36. What is the units digit of 6/(-4)*(-12)/w?
2
Let u = 34 + -63. Let y = u - -51. What is the tens digit of y?
2
Let h(q) = -q**3 - 9*q**2 - 5*q - 12. Let a be h(-10). Suppose 4*i + m = a, m = -i + 5*m + 43. What is the units digit of i?
5
Suppose 3*i = -3*n + 117, 4*n + 2*i + i = 152. What is the tens digit of n?
3
Suppose 0 = x + 1 - 5, x = -3*z + 142. What is the tens digit of z?
4
Let i(y) = -4*y + 6. Suppose 2*f = -8 + 2. What is the units digit of i(f)?
8
Suppose 3*x = -2 - 16. What is the units digit of ((-14)/(-21))/((-1)/x)?
4
Suppose -59*s - 6 = -65*s. What is the units digit of s?
1
Suppose 72 + 58 = 2*v. Let z = 9 + -5. Suppose -z*n - v = -5*f, -n + 25 = -6*n. What is the units digit of f?
9
Suppose -5*n = -116 - 89. What is the units digit of n?
1
Let m(p) be the first derivative of -p**6/360 + p**5/15 - p**4/8 + p**3 - 1. Let b(l) be the third derivative of m(l). What is the units digit of b(3)?
2
Suppose 3*w + 9 = 0, -7*w + 2*w = 3*a - 1119. What is the tens digit of a?
7
Let u(v) be the third derivative of 3*v**5/4 + v**4/12 - 7*v**2. What is the tens digit of u(1)?
4
Let x(g) = 4 - 2 - 4 - 11*g - 1. Let u be x(-3). What is the units digit of 8/(-12)*u/(-4)?
5
Let h be 2 + 0 - 1 - 1. Let t(w) = -5*w + 4*w + 4 + h. What is the units digit of t(3)?
1
Suppose 5*a + 2*x + 2 + 3 = 0, -2*x - 10 = 0. Let b be -4*(-2 - (0 - a)). Suppose -4*k = -2*k - b. What is the units digit of k?
2
Suppose -2*c - 3*y + 422 = 0, 0 = 5*c + 5*y - 614 - 431. What is the units digit of c?
5
Let i = 177 + 10. What is the tens digit of i?
8
Suppose -2*x + 132 - 42 = 0. What is the tens digit of x?
4
Let t(x) be the third derivative of x**6/120 + x**5/60 + 2*x**3/3 + x**2. Let a be t(0). What is the units digit of 8/5*(1 + a)?
8
Let u = 0 - 0. Suppose u = -5*m - 5*f + 70, 0 = 3*m - 2*m - f - 4. What is the units digit of m?
9
Let q(z) = -z**3 - 4*z**2 - 3*z. Let y be q(-2). Let t(o) = 5*o + 1. Let v be t(1). What is the units digit of 12/(v/2) + y?
2
Let x be -5 - (1 - (-2)/2). Let q = 45 + x. Let m = -24 + q. What is the tens digit of m?
1
Let x be (20/15)/((-4)/(-6)). Suppose 0 = 3*p + x*p - 30. What is the units digit of p?
6
Let l(s) = -s**2 + 6*s + 9. Suppose 5*t = -2*b + 29, t + 2*t - 16 = -b. Let j be l(b). Suppose -y = y - j. What is the units digit of y?
1
Let j(p) = p**3 + 15*p**2 + 13*p - 20. Let o be j(-14). What is the tens digit of o/(-1*(-1)/(-2))?
1
Suppose -s + 16 + 6 = 0. What is the units digit of s?
2
Let t(b) = -3*b - 7. What is the units digit of t(-4)?
5
Let v(o) = o**3 + 6*o**2 + 4*o - 7. Suppose -5 = -u + 2*u. Let t be v(u). What is the units digit of (-29)/t + 2/4?
5
Let g(n) be the third derivative of -n**6/120 + n**5/20 - n**4/24 - n**3/6 + 3*n**2. Suppose -3*l = -s - s + 4, 3*l + 8 = 4*s. What is the units digit of g(s)?
1
Let w = -8 - -7. What is the units digit of 39/6*(-2)/w?
3
Suppose 2*k + 2*k + 18 = 3*h, 0 = h - 5*k - 17. Suppose 2*n - 20 = -h*n. What is the units digit of n?
5
Let r = 126 - 31. What is the tens digit of r?
9
Suppose 5*w = -3*p + 105, -2*w + 65 = 2*p + 3*w. What is the units digit of p?
0
Suppose a - 72 = -p, -4*a + 0*a - 2*p + 292 = 0. What is the tens digit of a?
7
Suppose 5*q - 270 - 10 = 0. Suppose 2*o - 6*o = -q. What is the units digit of o?
4
Let j(k) = k**3 - 20*k**2 - 20*k + 27. What is the units digit of j(21)?
8
What is the units digit of ((-6)/(-15))/((-1)/(-115))?
6
Suppose -j + 47 = -3*w, 4*w + 29 = -3*j + 170. Suppose -91 = -2*z + h - 32, 2*z + 3*h = j. What is the units digit of z?
8
Suppose 3*n - 2*n + 1 = 0. Let c = n + 4. Suppose -c*g + 3 = -6. What is the units digit of g?
3
Let t(r) = -4 + 12 - 2*r**2 + r**2 - 10*r + 4. Let u be t(-10). What is the units digit of ((-1)/(-2))/(6/u)?
1
Let q(p) = -p**3 + p**2 - 2*p + 43. Let d be -2 + (0 - -3 - 1). What is the units digit of q(d)?
3
Suppose 5*n = -5, 3*l + 0*l - 98 = 5*n. Suppose -3*w - 2*c = 1, 0 = -2*w + 2*c + 3*c + l. What is the units digit of w?
3
Let z be (-2)/(-4) - (-3)/(-6). Suppose z*p + 110 = 5*p. What is the tens digit of p?
2
Let q(n) = n**3 - n**2 + 7. Let a be q(0). Suppose -c - 4*c - 5 = -5*x, -3*c - 2*x = -a. What is the units digit of c?
1
Let g(j) = -3*j + 4. Let l be g(9). Let s = l + 39. What is the units digit of s?
6
Let q = 56 + -40. Let n = q + 38. What is the tens digit of n?
5
Let x = 43 + -25. What is the units digit of x?
8
Let b(h) = 5*h**2 - 6*h - 1. What is the units digit of b(2)?
7
Let z = 48 + -22. Let c = z + -16. Suppose -4*s + 16 + c = u, 3*s = -u + 19. What is the units digit of s?
7
Let t(d) = -d**3 + 9*d**2 + 6*d + 1. What is the units digit of t(5)?
1
Suppose 4*t = 142 + 282. What is the hundreds digit of t?
1
Let z be (10/(-2))/(-1) + -3. Suppose z*n + n = 0. Suppose 0 = x - n*x - 13. What is the units digit of x?
3
Let l be 2/(-3) - (-235)/15. Suppose 7*p + l = 2*p. What is the units digit of 3 - (1 - (p - -7))?
6
Suppose 10 = -2*n + 3*n. Let a(c) = -c**2 - 5*c - 2. Let t be a(-3). Suppose t*u - 38 = -n. What is the units digit of u?
7
Let p(y) = -11*y - 17. Let z(k) = 5*k + 8. Let m(q) = -3*p(q) - 7*z(q). What is the units digit of m(-5)?
5
Suppose -2*m = 5*u - 10 - 4, 5*m = -u + 12. Suppose m*a = 4*w - 8, 5*a = -4*w - 3 + 25. What is the units digit of a?
2
Suppose 7*v - 3*d - 55 = 3*v, -4*v + 50 = -2*d. What is the tens digit of v?
1
Let h(p) = p + 1. Let n be h(-1). Suppose -5*c - k + 29 = n, -c + 2*k = c - 2. What is the units digit of (0 - -8) + (c - 3)?
0
Suppose -3*b + 24 = 3*v - 18, 76 = 5*v - b. Let r be (-3 - -1)/1 + v. Let q = 20 - r. What is the units digit of q?
7
Suppose -128 = -4*t + 64. Suppose 0*w - t = -2*w. What is the units digit of w?
4
Suppose -4*t - b + 3 = 11, 5*b = -20. Let g = 1 - t. What is the units digit of g?
2
Let x = -2 + 5. Suppose -3*q - x = 3. What is the units digit of -4*((-2 - q) + -2)?
8
Let j(t) = t**2 - 8*t + 5. What is the units digit of j(8)?
5
Let b = 104 - 62. What is the units digit of (b/10)/3*5?
7
Let r = -4 + 8. Suppose -l + r*i + 4 = -0*l, -5*l = 5*i + 5. What is the units digit of (0 - -1)/(1 - l)?
1
Let f be (-1)/5 - (-262)/10. Suppose 5*n = 4*s + 28, 0*s + f = 5*n - 3*s. Suppose p + 0*b = -n*b - 1, -2*p + 5*b = -37. What is the units digit of p?
1
Let s be -8 + 11 + 13 + 1. Suppose -s - 27 = -4*i. What is the units digit of i?
1
Suppose -4*n + 52 = -128. Suppose v = -2*v + n. What is the units digit of v?
5
Let l(b) be the second derivative of b**5/20 + 5*b**4/12 - 2*b**3/3 + 3*b**2/2 + 3*b. What is the tens digit of l(-5)?
2
Let x(m) = -2*m**2 - 9*m + 7. Let f be x(-5). Let j be (-1 + -1)/(1/(-3)). Let q = j - f. What is the units digit of q?
4
Let w = 14 + -10. What is the units digit of w/16 + (-3)/(-4)?
1
Let d be (1/(-1))/(3/(-6)). Suppose 28 = -3*u - u + d*b, 4*b = -4*u - 28. Let v = -2 - u. What is the units digit of v?
5
Suppose 10 = -2*r, 5*r + 12 = v - 16. Let b(o) = -8*o**2 - 3*o**3 - 7*o + 7*o**2 + 2*o**v + 9 + 9*o**2. What is the units digit of b(7)?
9
Suppose 2*g - 4*m = 70, -2*m + 5*m = 0. Let t be (4 - 1)/(5/g). Suppose -5*n = -2*n - t. What is the units digit of n?
7
Suppose 4*x = x + 402. Suppose v + 0*g - 33 = -2*g, 3*v = g + x. What is the tens digit of v?
4
Suppose -7*o = -12*o + 455. What is the tens digit of o?
9
Let l = 6 - 3. Suppose k = -g + 6*g - 185, 0 = 3*g - l*k - 123. Suppose i - 4*j - g = -3*i, i = -4*j - 6. What is the units digit of i?
6
Suppose 3*f = -12, -c + 5*f = -4*c - 11. Suppose -5*p - 2*x - 5 = 0, c*p - x - 2 = 6*p. What is the units digit of p?
1
Suppose 2*q + 5 + 1 = 0. Let b be (-18)/4*32/q. Suppose 7*f - b = 3*f. What is the units digit of f?
2
What is the tens digit of (-852)/8*6/(-9)?
7
Suppose -3*o - r + 91 = 0, 2*r - 3*r = -2*o + 59. What is the tens digit of o?
3
Suppose 5*u = 7*i - 2*i - 20, -5*i + 16 = -u. Suppose -12 = 3*k - i. Let a = k - -6. What is the units digit of a?
3
Suppo